ltiple of 11?
False
Is 505 a factor of 3340575?
True
Is 7842331 a multiple of 653?
False
Does 6 divide 16070682?
True
Does 9 divide 1504273?
False
Does 114 divide 1143648?
True
Is 1060020 a multiple of 15?
True
Does 18 divide 2743854?
False
Does 39 divide 85215?
True
Does 70 divide 38570?
True
Does 527 divide 1225275?
True
Is 91 a factor of 2689933?
False
Is 126806 a multiple of 18?
False
Is 219 a factor of 26499?
True
Does 584 divide 729416?
True
Is 37230 a multiple of 51?
True
Is 2003910 a multiple of 10?
True
Is 7 a factor of 93450?
True
Is 306 a factor of 20301033?
False
Is 20 a factor of 7408640?
True
Is 87967 a multiple of 13?
False
Does 51 divide 204059?
False
Is 53 a factor of 4810250?
False
Does 57 divide 56316?
True
Is 4511058 a multiple of 237?
True
Is 170 a factor of 2490840?
True
Is 120 a factor of 5463720?
True
Is 282 a factor of 5691324?
True
Does 14 divide 3896?
False
Does 4 divide 122271?
False
Does 35 divide 5520527?
False
Is 4 a factor of 4804236?
True
Is 4 a factor of 93958?
False
Is 15012165 a multiple of 568?
False
Is 658 a factor of 713272?
True
Is 35 a factor of 22143730?
True
Is 6136365 a multiple of 939?
True
Does 81 divide 282487?
False
Does 170 divide 2073285?
False
Is 72 a factor of 36504?
True
Is 6 a factor of 75162?
True
Does 39 divide 1930199?
False
Is 361 a factor of 1129930?
True
Does 917 divide 87618?
False
Is 34 a factor of 1075197?
False
Does 156 divide 138216?
True
Does 8 divide 2556864?
True
Is 12 a factor of 1338084?
True
Does 214 divide 896646?
False
Is 500409 a multiple of 423?
True
Is 434 a factor of 801998?
False
Does 206 divide 157366?
False
Is 181260 a multiple of 30?
True
Does 66 divide 6201426?
True
Does 11 divide 6765048?
False
Does 13 divide 375752?
True
Is 11 a factor of 563090?
True
Does 121 divide 374253?
True
Does 164 divide 639592?
False
Is 35 a factor of 1971725?
True
Does 18 divide 1316917?
False
Does 74 divide 82444?
False
Does 21 divide 208308?
False
Is 11 a factor of 24860293?
False
Is 2042208 a multiple of 14?
True
Is 20 a factor of 3260660?
True
Is 16368 a multiple of 33?
True
Is 23728864 a multiple of 436?
True
Is 2002184 a multiple of 107?
True
Is 1001370 a multiple of 16?
False
Is 11 a factor of 46200?
True
Does 11 divide 141457?
False
Is 11 a factor of 111298?
True
Does 166 divide 18086547?
False
Does 28 divide 3154063?
False
Is 211468 a multiple of 11?
False
Does 252 divide 7904736?
True
Is 108 a factor of 176472?
True
Is 1697039 a multiple of 68?
False
Does 284 divide 1938131?
False
Is 823446 a multiple of 34?
True
Does 9 divide 163622?
False
Is 464 a factor of 6859471?
False
Is 236838 a multiple of 9?
False
Is 9415436 a multiple of 20?
False
Does 62 divide 140368?
True
Is 2173470 a multiple of 26?
True
Is 5113835 a multiple of 30?
False
Is 246 a factor of 2438586?
False
Is 125 a factor of 1751191?
False
Is 2 a factor of 126002?
True
Is 205 a factor of 144935?
True
Is 2267632 a multiple of 120?
False
Does 13 divide 552474?
True
Is 156400 a multiple of 340?
True
Does 10 divide 264530?
True
Does 21 divide 663453?
True
Is 1427432 a multiple of 8?
True
Does 69 divide 73968?
True
Is 110 a factor of 471240?
True
Does 12 divide 686436?
True
Is 7081477 a multiple of 609?
False
Is 5 a factor of 714565?
True
Does 22 divide 531300?
True
Is 928110 a multiple of 31?
False
Does 67 divide 187725?
False
Does 12 divide 812064?
True
Does 33 divide 857835?
True
Is 74 a factor of 810958?
False
Is 53 a factor of 292183?
False
Is 12848 a multiple of 88?
True
Is 52640 a multiple of 470?
True
Is 39 a factor of 18135?
True
Does 11 divide 1085084?
True
Is 506 a factor of 1321803?
False
Is 2 a factor of 3391?
False
Is 62 a factor of 107360?
False
Does 34 divide 2020382?
True
Does 12 divide 349917?
False
Is 42 a factor of 2222472?
True
Is 4881832 a multiple of 391?
False
Does 18 divide 5505156?
True
Is 7 a factor of 150803?
False
Does 4 divide 7483?
False
Does 479 divide 6077073?
True
Is 550418 a multiple of 22?
True
Is 210 a factor of 149758?
False
Is 3248524 a multiple of 452?
True
Does 90 divide 929070?
True
Does 306 divide 6618044?
False
Is 168750 a multiple of 150?
True
Is 181 a factor of 22444?
True
Does 4 divide 1272096?
True
Does 39 divide 153699?
True
Does 31 divide 598875?
False
Is 1203585 a multiple of 48?
False
Is 928326 a multiple of 23?
True
Does 523 divide 1772447?
True
Is 1369 a factor of 2976206?
True
Is 13 a factor of 436554?
False
Does 157 divide 138160?
True
Is 54 a factor of 173181?
False
Is 28 a factor of 714588?
True
Is 1171 a factor of 5733216?
True
Is 8 a factor of 335632?
True
Is 2673123 a multiple of 9?
False
Is 133 a factor of 68037?
False
Does 6 divide 778569?
False
Is 62 a factor of 6118346?
True
Does 43 divide 1101660?
True
Does 27 divide 817155?
True
Does 27 divide 1893483?
True
Does 913 divide 839047?
True
Is 36 a factor of 17004?
False
Does 1213 divide 2571560?
True
Is 487 a factor of 416307?
False
Is 183 a factor of 132492?
True
Is 16 a factor of 2803840?
True
Is 8790332 a multiple of 1842?
False
Is 664853 a multiple of 119?
True
Is 7235086 a multiple of 152?
False
Is 124680 a multiple of 12?
True
Is 15 a factor of 647115?
True
Is 109 a factor of 2855255?
True
Is 464926 a multiple of 22?
True
Is 838 a factor of 2258056?
False
Does 12 divide 83097?
False
Does 16 divide 394088?
False
Is 26 a factor of 254101?
False
Is 1754156 a multiple of 154?
False
Does 13 divide 2621346?
True
Is 3219440 a multiple of 16?
True
Is 1415687 a multiple of 331?
True
Is 13 a factor of 362292?
False
Is 9340 a multiple of 10?
True
Is 8906366 a multiple of 1561?
False
Does 58 divide 188384?
True
Is 500 a factor of 6202500?
True
Does 67 divide 3229802?
True
Does 29 divide 35351?
True
Does 82 divide 4660016?
False
Is 1551269 a multiple of 32?
False
Is 511093 a multiple of 18?
False
Is 5 a factor of 512773?
False
Is 161352 a multiple of 24?
True
Is 323 a factor of 3666373?
True
Is 9562848 a multiple of 46?
True
Is 2697170 a multiple of 14?
True
Does 189 divide 1839?
False
Does 123 divide 139943?
False
Is 30748 a multiple of 112?
False
Is 1350274 even?
True
Is 39 a factor of 461571?
False
Is 28245087 a multiple of 235?
False
Is 1966248 a multiple of 338?
False
Is 2790165 a multiple of 362?
False
Is 681 a factor of 1023543?
True
Is 186 a factor of 117552?
True
Is 603 a factor of 1137842?
False
Is 128380 a multiple of 245?
True
Is 29 a factor of 484399?
False
Is 1995747 a multiple of 701?
True
Is 25888317 a multiple of 589?
True
Is 2932808 a multiple of 31?
False
Does 321 divide 427746?
False
Is 36032 a multiple of 13?
False
Is 61 a factor of 3353459?
False
Is 107199 a multiple of 45?
False
Does 42 divide 2181648?
True
Is 19 a factor of 13170288?
False
Is 27783 a multiple of 49?
True
Is 57741 a multiple of 57?
True
Does 9 divide 4873242?
False
Is 75243 a multiple of 7?
True
Does 337 divide 2845291?
True
Is 112734 a multiple of 3?
True
Is 1020942 a multiple of 9?
True
Is 656 a factor of 11029328?
True
Is 179 a factor of 93919?
False
Does 22 divide 207571?
False
Does 38 divide 634598?
False
Is 14 a factor of 160650?
True
Is 159132 a multiple of 447?
True
Does 43 divide 98054?
False
Does 446 divide 1437904?
True
Does 7 divide 658111?
False
Is 1484691 a multiple of 162?
False
Is 215110 a multiple of 11?
False
Is 43 a factor of 234522?
True
Does 364 divide 16693107?
False
Does 8 divide 30840?
True
Does 1010 divide 15974698?
False
Is 15 a factor of 277260?
True
Is 190402 a multiple of 8?
False
Is 15 a factor of 947925?
True
Is 13 a factor of 934528?
False
Is 16 a factor of 608015?
False
Does 105 divide 6615?
True
Is 22852169 a multiple of 1092?
False
Is 691732 a multiple of 16?
False
Is 6 a factor of 3516966?
True
Is 78861 a multiple of 430?
False
Is 82 a factor of 261498?
True
Does 147 divide 1961127?
True
Does 593 divide 11336029?
False
Does 3 divide 696553?
False
Is 13 a factor of 18462?
False
Does 12 divide 23102?
False
Does 18 divide 65116?
False
Is 47 a factor of 5882614?
True
Is 101463 a multiple of 7?
False
Is 378764 a multiple of 23?
True
Is 12099 a multiple of 327?
True
Does 7 divide 2572085?
False
Does 67 divide 8007524?
False
Does 23 divide 18645421?
False
Does 40 divide 239480?
True
Is 212 a factor of 7183430?
False
Is 39 a factor of 14805999?
True
Is 133 a factor of 3403063?
False
Is 6041